95?
False
Is 152 a factor of 50626944?
True
Does 1746 divide 42771464?
False
Is 505361393 a multiple of 1568?
False
Is 36986560 a multiple of 1046?
True
Does 33 divide 29387061?
True
Is 56 a factor of 495862847?
False
Is 64576046 a multiple of 598?
False
Is 15 a factor of 38275995?
True
Is 11 a factor of 974110687?
True
Is 279198616 a multiple of 2584?
True
Is 1463685267 a multiple of 33?
True
Is 247791887 a multiple of 98?
False
Is 176 a factor of 34275455?
False
Does 5 divide 579351641?
False
Does 128 divide 14628096?
True
Does 342 divide 1664777340?
True
Does 95 divide 178462277?
False
Is 77 a factor of 1438535?
False
Does 3469 divide 600207393?
False
Does 383 divide 37720904?
True
Does 57 divide 65226515?
False
Is 277 a factor of 186208818?
True
Does 16 divide 9678506?
False
Is 2002107 a multiple of 7?
False
Does 71 divide 372323322?
False
Is 8 a factor of 63436382?
False
Is 103 a factor of 541265?
True
Is 42461130 a multiple of 3651?
True
Is 196196473 a multiple of 2978?
False
Is 2463 a factor of 589477179?
True
Is 23 a factor of 46228790?
False
Is 4313348487 a multiple of 11169?
False
Does 527 divide 625394?
False
Is 7785087 a multiple of 950?
False
Does 384 divide 244454400?
True
Does 21 divide 77798922?
False
Does 21 divide 25827984?
True
Is 3 a factor of 102859185?
True
Is 17548370 even?
True
Does 10 divide 320352582?
False
Does 840 divide 23945491?
False
Is 19 a factor of 14251730?
False
Is 114486924 a multiple of 49?
False
Is 98 a factor of 30056499?
False
Is 313 a factor of 832525939?
False
Is 300012523 a multiple of 388?
False
Does 14 divide 24264567?
False
Is 170454879 a multiple of 441?
True
Is 45332031 a multiple of 2527?
False
Is 7296 a factor of 1950461568?
True
Does 154 divide 1951026?
True
Is 239 a factor of 136285448?
True
Is 2625 a factor of 120148875?
True
Is 1672357610 a multiple of 35?
True
Is 1266586560 a multiple of 32?
True
Is 161641239 a multiple of 364?
False
Does 14168 divide 1018650864?
True
Is 36265773 a multiple of 11?
False
Does 1017 divide 164576025?
True
Is 62 a factor of 39524501?
False
Is 180 a factor of 1299959460?
True
Is 754704689 a multiple of 3?
False
Does 18 divide 143120412?
True
Is 596 a factor of 51342420?
True
Is 20762346 a multiple of 479?
False
Is 62 a factor of 38002193?
False
Does 2716 divide 47019861?
False
Is 394 a factor of 12158688?
False
Does 5285 divide 247940490?
True
Is 42 a factor of 300617506?
False
Is 207416102 a multiple of 89?
True
Is 13 a factor of 2717424788?
True
Is 8449333 a multiple of 692?
False
Does 325 divide 301727075?
True
Is 15 a factor of 3812480727?
False
Does 601 divide 614818793?
True
Does 135 divide 1248438690?
True
Does 28 divide 418592250?
False
Does 544 divide 1218158528?
True
Is 16 a factor of 84994224?
True
Does 12 divide 33181200?
True
Is 27 a factor of 70523289?
False
Does 121 divide 678452503?
False
Is 155 a factor of 30108814?
False
Is 23162484 a multiple of 474?
True
Does 8 divide 236799960?
True
Is 856216982 a multiple of 39?
False
Does 6 divide 34308702?
True
Does 16 divide 299006240?
True
Is 707942142 a multiple of 1399?
False
Is 9768276 a multiple of 3186?
True
Is 19089336 a multiple of 332?
True
Is 6339 a factor of 354331625?
False
Is 4396199 a multiple of 547?
False
Is 80 a factor of 13983440?
True
Is 12 a factor of 18268128?
True
Is 6 a factor of 133376040?
True
Is 873795966 a multiple of 278?
False
Is 114481700 a multiple of 74?
True
Is 365202046 a multiple of 6?
False
Is 137341659 a multiple of 7?
True
Does 469 divide 1175599152?
True
Is 47488980 a multiple of 20?
True
Does 202 divide 24187076?
True
Is 95 a factor of 1363562289?
False
Is 971 a factor of 42087078?
False
Does 529 divide 82054148?
False
Is 693645372 a multiple of 5628?
True
Is 50456624 a multiple of 2481?
False
Does 842 divide 228613509?
False
Does 642 divide 53513268?
True
Is 35 a factor of 16850666?
False
Does 6 divide 62203320?
True
Is 2819499 even?
False
Is 3286 a factor of 59101996?
True
Is 52970019 a multiple of 1387?
False
Is 55016506 a multiple of 622?
False
Is 637 a factor of 900385486?
True
Does 1208 divide 25261301?
False
Does 13 divide 1659216819?
True
Does 22 divide 465513422?
True
Is 8 a factor of 371776464?
True
Is 93322537 a multiple of 28?
False
Does 385 divide 133648900?
True
Is 40704112 a multiple of 46?
True
Is 19651600 a multiple of 4?
True
Does 919 divide 810297923?
True
Is 456988434 a multiple of 129?
True
Does 38 divide 17384734?
True
Is 135308638 a multiple of 303?
False
Is 105631665 a multiple of 100?
False
Does 255 divide 429968250?
True
Is 11 a factor of 55809017?
True
Does 2286 divide 67638168?
True
Does 54 divide 24846659?
False
Is 63 a factor of 59083479?
True
Does 196 divide 16822680?
True
Does 467 divide 79392802?
True
Is 58041464 a multiple of 1229?
False
Does 16 divide 1043963472?
True
Is 290 a factor of 80090460?
True
Does 310 divide 19549193?
False
Is 376095010 a multiple of 74?
True
Is 325 a factor of 892803024?
False
Is 3935769 a multiple of 235?
False
Is 28 a factor of 867022485?
False
Is 10 a factor of 2337000?
True
Is 1857682820 a multiple of 6460?
True
Is 642162608 a multiple of 62?
False
Does 462 divide 706127268?
True
Does 272 divide 106075376?
True
Does 27 divide 20759780?
False
Does 6369 divide 610080141?
True
Is 180 a factor of 313423740?
True
Does 55 divide 478818118?
False
Is 5705 a factor of 129969449?
False
Is 215600076 a multiple of 486?
False
Is 41 a factor of 294993893?
True
Does 869 divide 272308327?
False
Is 62 a factor of 1855403816?
True
Is 339 a factor of 5255944?
False
Does 128 divide 158052480?
True
Is 16 a factor of 9900080?
True
Does 103 divide 34713781?
True
Is 88283390 a multiple of 1222?
True
Does 109 divide 115325182?
False
Does 10 divide 740858506?
False
Is 48732165 a multiple of 135?
True
Is 138 a factor of 4624242?
True
Is 203000384 a multiple of 4?
True
Does 1165 divide 237302610?
False
Is 119739994 a multiple of 11?
True
Is 823 a factor of 94154071?
False
Does 76 divide 2116781295?
False
Does 3153 divide 5695282818?
True
Is 4914 a factor of 348083190?
True
Is 42979781 a multiple of 323?
False
Is 37 a factor of 118196463?
True
Is 73617549 a multiple of 500?
False
Is 10061 a factor of 2989635408?
False
Is 229 a factor of 27623640?
False
Does 19 divide 268727565?
False
Is 584 a factor of 609797965?
False
Is 353 a factor of 51121704?
False
Is 15 a factor of 1051727010?
True
Is 4142 a factor of 118080136?
True
Is 25452504 a multiple of 154?
True
Is 32 a factor of 120981920?
True
Is 68146610 a multiple of 5?
True
Does 434 divide 614923502?
False
Is 39156045 a multiple of 1024?
False
Is 10 a factor of 9427290?
True
Is 7922408 a multiple of 52?
True
Is 52757460 a multiple of 2380?
True
Is 90 a factor of 18509697?
False
Is 139656185 a multiple of 20?
False
Is 2 a factor of 113211335?
False
Does 11259 divide 2314356240?
False
Is 6941704 a multiple of 118?
True
Does 18 divide 303177153?
False
Is 33 a factor of 21927065?
False
Does 3 divide 330248244?
True
Is 987377365 a multiple of 19?
False
Is 42708344 a multiple of 1673?
True
Does 316 divide 905434168?
True
Does 875 divide 26559750?
True
Is 983299050 a multiple of 15?
True
Does 167 divide 1183470550?
True
Is 36973445 a multiple of 5?
True
Does 2526 divide 627824670?
True
Is 2317799 a multiple of 43?
False
Does 45 divide 60009030?
True
Is 212835457 a multiple of 3156?
False
Is 1906 a factor of 106465348?
True
Is 310718559 a multiple of 771?
False
Does 1468 divide 20425752?
True
Does 678 divide 1977774138?
True
Does 93 divide 18247251?
True
Does 65 divide 55075995?
True
Is 1051735 a multiple of 3?
False
Does 33 divide 2596197285?
True
Does 2095 divide 1233607230?
True
Does 109 divide 3280027?
False
Does 215 divide 81127978?
False
Does 175 divide 684758278?
False
Is 41 a factor of 236157069?
False
Is 173296095 a multiple of 21?
True
Is 90900521 a multiple of 3499?
True
Is 108887351 a multiple of 589?
False
Does 5 divide 6943410?
True
Is 118 a factor of 124687296?
True
Is 27 a factor of 93826161?
True
Is 133079232 a multiple of 481?
True
Is 29832315 a multiple of 184?
False
Does 3 divide 10890187?
False
Does 179 divide 12717055?
True
Is 49398195 a multiple of 209?
True
Is 24629338 a multiple of 16?
False
Is 109962887 a multiple of 281?
True
Is 145272867 a multiple of